7 + -65.
-30
(0 + -44 - (333 + -334)) + -15
-58
What is 17 - (3 + (-1 - -8)) - -5 - 41?
-29
8661 + -8556 - (-1 + 27)
79
What is -6 + 24 + -12 + (-22 - 47)?
-63
1 + -7 + (22 + -18 - 8) + -39
-49
What is the value of 12 - (-67 + 46 - -59)?
-26
What is the value of 26 + -17 + (-11 + -4 - -20) + 3?
17
What is (-1 - -3) + 36 + -46?
-8
What is 7296 + -7288 - (2 - (19 - -2))?
27
-18 + 31 + -26 - (-127 - (-3 + -1 - -5))
115
Evaluate -6 - (-19 - -5) - (71 + (-2 - -4)).
-65
What is the value of -1 + 33 + (-527 - -484) - (-84 - (5 + -6))?
72
What is 0 + -8 - ((-16 - -11) + 35 - -17)?
-55
What is the value of 42033 - 42031 - ((-1 - 12) + 1 - (-2 - -1))?
13
67 + 27 - (104 + 26)
-36
Calculate (-6 - (12 + -47)) + 11 - 57.
-17
What is the value of -92 + (-1 - 2) + (-53 - -50) + 21?
-77
What is the value of 48 + (-72 - -2 - -16)?
-6
102 + -10 + 18 + (-13 - (-15 + 26)) + 15
101
Calculate 44 + -72 + 57 + -62.
-33
Evaluate 54 + (-77 - -35) + -57.
-45
What is the value of 5 + (23 - 22) + (-1 - 68 - (0 - 2))?
-61
Calculate -15 + 82 + (10 - (-1 - 1)) + -1 + -8.
70
-4 + (-53 + 28 - -71)
42
Calculate -29 - (27 + (-60 - (-3 + -26))).
-25
What is -2 + -86 - (77 + (118 - 217))?
-66
Evaluate 4 + (-20 - (-21 - 7)) + -9 + 4 + 20.
27
What is 16 + 4 + -20 + -6 + -41?
-47
(-62 - (2 + -43)) + 36
15
What is -8 + 12 + 25 - (5 + -6 - -6)?
24
Evaluate -59 + 23 + 5 - -75.
44
Calculate -10 - ((-19 - (-26 + 22)) + -63 - 0).
68
What is the value of 18 + 22 + (-16 + 19 - 1) + -5?
37
Evaluate 25 - (107 - -31 - 72).
-41
What is the value of (3 - 0) + (-19 - (14 - (-15 + 17)))?
-28
(170 - 20) + -246 + -25 + 2
-119
What is the value of 26 + 0 + (2 - -17 - (-46 + -46 + 106))?
31
Calculate 36 + -73 + 119 + (-5 - -1) - 2.
76
Evaluate 58 - 7 - (-252 - -283).
20
What is (-1 - -16 - (132 + -129)) + -1 + -56?
-45
Evaluate -65 + (13 + (2 - 1) - (-4440 + 4456)).
-67
What is the value of -28 + -4 + (107 + 53 - 60)?
68
What is the value of 40 - (4 - -23 - (-5 - -18))?
26
5 - (38 - -14 - 18)
-29
0 + 3 + 1 + -6 + 43 + 2 + -3
40
Evaluate -1 + -56 - (-5 - -6 - (7 - -10) - -11).
-52
(-28 - -16 - (5 - 7)) + 8 + (-1 - -7)
4
What is -44 - (-3 + 2 + (10 - (11 - 4)))?
-46
What is the value of 11 + ((-31 - 2) + -17 - -17)?
-22
Calculate (-6 - -1) + 63 + -16 + 6 + 10 + -1.
57
What is -33 - ((34 + -40 - 16) + 6)?
-17
Calculate (1 - -49) + (-34 - (-84 + 50 - -18)).
32
What is the value of (-19 - -1) + (37 + -23 - 31)?
-35
-17 + -6 + 17 - (0 + 5 - 4)
-7
Calculate -11 - (4 + (2 - (6 - 2)) - 66).
53
Calculate 6 + -3 + (1 - 2 - 12) - (5303 + -5365).
52
What is -8 - (11 - 7 - 2) - 5 - (-366 - -453)?
-102
Calculate -29 + 4 + -11 + 0 + 13 + -27 + 26.
-24
What is 70 - ((11 - (-13 - -4)) + -7 + 1)?
56
(-13 - (-53 + -20 + 59)) + -1 + 3 + 74
77
Evaluate (65 - 66) + -9 + -1 + -3.
-14
-14 - 98 - (-404 + 335)
-43
What is (-5 - (4 + -6)) + 70 + -3 + -1?
63
Evaluate 31 + (32 - 43) - 61.
-41
What is the value of -4 - -52 - (-21 + 6) - (-7 - (-25 + 8))?
53
What is the value of 21 + (-5 - 40) + (-15 - -30)?
-9
-25 - (-21 + 32 + (-11 - 4) + -2)
-19
44 + 2 + -83 + -1
-38
Evaluate -1 + 7 + (11 - 24) + 9 + (-9 - 5).
-12
What is -6 + (37 + -1 - (0 + -39 + 38))?
31
What is the value of -6 - (-52 + -1 + 3)?
44
What is the value of 2 + (-15 - -4) - -8 - (-31 + -4 + 7)?
27
-27 - (-72 + 39 + -10)
16
-18 - 1 - -2 - (-89 - -122)
-50
What is (-54 - -3) + (0 - -24) + 67?
40
(-6 + (2 - 3) - (404 + -400)) + 49
38
What is the value of 1874 - 1936 - (2 - 44)?
-20
Calculate (33 - (41 - 6 - 48)) + -4.
42
What is (-617 - -597) + 13 + 9?
2
What is (19 - (29 + (-23 - 15) + 23)) + -138?
-133
(-101 - -19) + (-33 + -4 + 4 - -18)
-97
Calculate (12 - (-19 + 14 - -2)) + (98 - 214).
-101
What is the value of 476 - 413 - (57 - -14)?
-8
-1 + 3 - -3 - (-1369 + 1407)
-33
What is 139 - 97 - 21 - (-1 + 51)?
-29
What is the value of -28 + (-8 - (14 - 21)) - 59?
-88
What is the value of -33 - (-6 + 1) - ((4 - (20 - 19)) + 1)?
-32
1 + (-9 - -41) + (-342 - -337)
28
-83 + 14 + (-1 - ((-21 - -24) + (-11 - 1)))
-61
What is the value of (4 + -28 - 5) + (209 - 208)?
-28
Evaluate (-91 - -3) + (-3 + 2 + -4 + 20 - 3).
-76
(-8 - (5 - 24) - (6 + 69)) + -15
-79
What is the value of -32 + (13 + 0 - (-5 - (14 - 40)))?
-40
What is (4 - 10 - -3 - (-4 - -3)) + (793 - 793)?
-2
(7 + -4 - -10 - (-365 - -383)) + 1 + 5
1
Evaluate ((-16 - 3) + (3 - 4) - (-945 + 930)) + 34.
29
What is the value of -15 + 36 + -59 + 69?
31
Evaluate 3 - -6 - (-6 + 1 + (-2 - -11)).
5
Evaluate (-451 - -437) + (-3 - 33).
-50
What is 4 + (-13 - -4) - -51?
46
What is the value of -96 + -13 + 136 + -107?
-80
What is the value of 25 + -13 + (-4 - 58) + 27 + -24?
-47
19 + -2 + ((-47 - -50) + 14 - 11)
23
What is the value of -2 + -45 + -18 + 28?
-37
What is the value of (-2 - -10 - (184 + -194)) + -38 - -139?
119
Evaluate -59 - (-17 - 94) - (2 + 15).
35
Evaluate 0 + -103 - (-8434 - -8417).
-86
What is the value of 53 - (-31 + 24 + 18 - (2 - 2))?
42
-37 + -46 + 1 + 68
-14
What is -2 - (35 + -17 - 63)?
43
What is -26 - 50 - ((-3 - (4 - 11)) + -7 + -2)?
-71
34 + 17 + -31 + (-14 - (-30 - 5))
41
5 - ((-8 - -22 - 18) + -12) - -19
40
15 + (-33 - (3 + -24)) + 32
35
-33 + 40 + (-8 - (49 + -6 + 0))
-44
What is -89 - (17 + -14 + 2 + 8 + 1 + -12)?
-91
What is (-1 + 5 - (-6 - -23 - 18)) + (-5 - 3)?
-3
What is the value of -6 + (15 - 17) + -32 + 29?
-11
What is the value of (-25 - -81) + -67 - ((39 - 0) + 1)?
-51
What is the value of -31 - (-4 + (-42 - -11) + 44)?
-40
((4 - 9) + -3 - 3) + (0 - -8) - -40
37
Evaluate 6 + -8 - (-60 + (-8 - -16 - -5)).
45
Evaluate 47 - (37 + -6) - ((3 - -1) + -33).
45
(6 - -10) + (4 - (-4 + 8)) + (2 - -2)
20
What is the value of (18 - 5) + -9 + (-12 - -11) + -18?
-15
33 - (3 - (20 - ((3 - 10) + 17)))
40
88 - (15 + 2 + (24 - (22 - (4 + -17))))
82
What is the value of 151 - ((5 - (-7 + 16)) + (-132 - -137))?
150
Evaluate -4 + (-16 - -1 - (-1693 + 1691)).
-17
What is (-1644 - -1673) + (1 - 4)?
26
What is the value of -58 + 2 + -777 + 840?
7
What is 47 + 2 + -140 - -41?
-50
54 + -77 + 41 + 26
44
Calculate (1220 - 1271) + (4 - -12).
-35
What is 12 + (32 - 34) + -4 - (30 - 0)?
-24
What is -33 + (-6 + 3 + -11 + 6 - 0) + -10?
-51
Calculate -6 + (-16 - -2) + (84 - 52).
12
What is the value of (-8 - -1) + (-117 - (-75 - 12))?
-37
What is the value of (-1 - -1 - (1 - 0)) + 254 + -248 - -118?
123
(23 + -11 - 11) + 25 + -9 + 7 + -5
19
Evaluate (17 - 0 - (1578 + -1576)) + 1 + -66.
-50
-4 + -7 - -4 - (7 + -5 + 11)
-20
What is 1 + 37 + 7 + (-24 - (-16 + 6))?
31
644 + -586 + (-1 - 24)
33
Evaluate (23 + 35 - -31) + 0 + 4 - 5.
88
2 + (1 - (-20 - (3 - -15)))
41
What is the value of 42 + 13 + -71 - -32?
16
4 - -1 - (0 + 1) - (-24 + -31 - -75)
-16
Calculate (80 - 0 - (-1168 - -1177)) + 1 + -7.
65
Calculate -35 - (-3 - (15 - (0 + 9))).
-26
Calculate 12 - (-52 + 54 - 30).
40
Evaluate 28 + (28 - (6 + 24 - -7)).
19
What is 34 - (-22 + (-23 - (-18 + -22)))?
39
What is -544 - -542 - (-1 + 72)?
-73
What is the value of 64 - (-7 + -42 - -92)?
21
24 - 6 - (-11 + (8 - -20))
1
(1 - -2) + 0 + -1 + 2 + 4429 + -4438
-5
-1485 + 1533 + (-1 - 56)
-9
Calculate -50 - (-7 - (-33 + 16 - (-4 - -2) - -6)).
-52
Calculate (0 - (3 - -10) - -4) + 5 + 1 + 51.
48
-59 + (69 - 20) + 8
-2
What is the value of 537 + -579 - (-71 - -31)?
-2
What is (-52 - -97) + (-21 - (12 + -22)) + 7?
41
What is the value of -61 - 8 - (11 - (22 - (13 + -1) - -4))?
-66
What is the value of -12 + -24 + 31 + 39?
34
-35 - (-105 - 42 - -124)
-12
What is -2 + 12 + -4 + (-80 - -27)?
-47
Evaluate 28 - (47 - (25 - -5)).
11
0 - -12 - (-47 + (21 - -24) - -87)
-73
Evaluate 4 + 1 + 25 + (-14 - (-41 + 16)).
41
Evaluate 76 + (-32 - -10) - (13 + -1 + (5 - 12)).
49
What is the value of -33 - -98 - 46 - (14 - (4 + -7))?
2
What is the value of (-1 - -36) + (0 + -3 - (-11 + 11))?
32
Evaluate -3 + 4 + 31 + (226 - 240) - (5 + 0).
13
-74 - -14 - (3 - (-1 + 0 + -3 - -16))
-51
What is the value of (-3 - 2) + (-73 + (42 - 21) - 46)?
-103
What is -114 + (-32 - -76) + 67?
-3
Calculate -16 + -2 - (24 + (17 - 25)).
-34
Evaluate -2715 + 2677 + 0 + 87.
49
Calculate 6 - (37 - 21 - 53).
43
What is 38 + -24 + -30 + -27 - (-1 - -13)?
-55
Calculate (-130 - -95) + -88 + 69.
-54
What is (-4 - -62 - 107) + 33?
-16
What is the value of (-146 - -142) + (-1 - -59)?
54
(152 - 76) + -70 - (-44 - -5)
45
What is the valu